 of j.
3, 5, 2741
Suppose 0 = g - 2*q - 14422, -10*g + 2*q = -14*g + 57738. List the prime factors of g.
2, 11, 41
Suppose -3*s - 2*b + 1327 = 0, 0 = s - 2*b + 58 - 495. Suppose 1239 + s = 4*m. What are the prime factors of m?
2, 3, 5, 7
Let t be 1/(0 + (16/(-12))/(-4)). Suppose -3*q = -2*k + 166, -t*q - 2*q = -2*k + 162. What are the prime factors of k?
2, 43
Let m = -80 + 85. List the prime factors of -6764*5*m/(-100).
19, 89
Suppose 0 = 3*q - 5*s + 10*s - 18141, s = -q + 6049. List the prime factors of q.
2, 17, 89
Let r(k) = -16*k**2 + 3*k - 9. Let n(c) = c**2 - c + 2. Let x(f) = -2*n(f) - 2*r(f). What are the prime factors of x(4)?
2, 239
Let l be 29 + (-2 + -2)*(-3 + 2). Suppose -3222 = -l*f + 27*f. List the prime factors of f.
3, 179
Let l(v) = -2*v**2 + 20*v + 10. Let n be (-7)/(-3 + -2 + 4). List the prime factors of l(n).
2, 13
Suppose 5*l - 2*n - 364 = 0, 0 = 5*l - n - 3*n - 358. Let a = 355 + -187. Suppose l*t - 71*t = a. What are the prime factors of t?
2, 7
Let w = 92718 - 56282. What are the prime factors of w?
2, 9109
Let g(b) = -155*b + 8492. List the prime factors of g(0).
2, 11, 193
Suppose 2*g - 28 = 4*g. Let i(a) = 3*a + 46. Let y be i(g). Suppose -4*n + 1952 = y*n. List the prime factors of n.
2, 61
Let c = 69927 - 34015. List the prime factors of c.
2, 67
Suppose 0*p = -2*n - 2*p + 14, 3*n - 5*p = 5. Suppose 5*r = 131*b - 130*b - 197, 2*b = 4*r + 394. Suppose -n*l + b = -143. What are the prime factors of l?
2, 17
Let l(a) = -219 + 669 - a**3 - 224 - 221 + 11*a**2 - 11*a. Let t be -1 - 16/(4/(-2)). What are the prime factors of l(t)?
2, 31
Let o = 32 - 62. Let y = o - -39. Let w(n) = 12*n - 13. What are the prime factors of w(y)?
5, 19
Let p(t) = t**2 - 16*t - 41. Let u be p(18). Let n(f) = 94*f**2 + 6*f + 2. Let b be n(u). Suppose 0 = -9*o + 18*o - b. What are the prime factors of o?
2, 3, 43
Suppose j + 3*u - 899 = 0, -j + 1838 = j - 4*u. Suppose 469 = w - 2*d, -j + 2807 = 4*w - 4*d. List the prime factors of w.
479
What are the prime factors of ((-1463)/(-95) + -19)*(-1030 - 0)?
2, 3, 103
Suppose -6 - 130 = -4*g. Suppose -20 = -6*n + g. Suppose -4*j - 580 = -n*j. List the prime factors of j.
2, 29
Let r = -28522 + 42877. What are the prime factors of r?
3, 5, 11, 29
Suppose 17*g - 3*b + 5643 = 14*g, -5*b - 3762 = 2*g. Let q = -1274 - g. List the prime factors of q.
607
Suppose -h = -5*j - 307, -2*h + 4*j + 614 = 7*j. List the prime factors of h.
307
Let u = -179 - -179. Let f = 13 + -11. Suppose -3*p - f*i = -365, -5*p + 635 = -u*p - 2*i. List the prime factors of p.
5
List the prime factors of 8/6*(7 - 70189)/(-14).
2, 3, 557
Let u(c) = 43*c + 861. What are the prime factors of u(15)?
2, 3, 251
What are the prime factors of ((-19)/(-2))/(((-2)/668)/(-1)) - 1?
2, 13, 61
What are the prime factors of 6*(-5)/(-105) + 766770/35?
2, 5477
What are the prime factors of (-17)/3*(-348846)/106 + 1 + 2?
2, 4663
Suppose 171*g - 88*g - 8760548 = -135*g. List the prime factors of g.
2, 71, 283
Let m be -1*(-16)/(-40) - 25162/(-5). Let j = -3299 + m. What are the prime factors of j?
1733
List the prime factors of (8 - 10) + 2*1 - (-37 + -833).
2, 3, 5, 29
Suppose 5*o + 97 = -3*b, 8*o - 141 = 4*b + 3*o. Let q = b - -184. What are the prime factors of q?
2, 3, 5
Suppose 5*z - 29 = -f, -2*z = 3*f - 3 - 19. Suppose p + 1612 = f*q + 5*p, 4*q - 1622 = p. What are the prime factors of q?
3, 5
What are the prime factors of (4231 - -2)*(5/(-1) - (1 - 10))?
2, 3, 17, 83
Let f = -173 + 171. What are the prime factors of (-5)/f*2152/10?
2, 269
Suppose 3*o - 222 = -3*o. Suppose 5*g + 149 = 4*f, -2*f - 4*g = g - o. Suppose f*b + 1278 = 37*b. What are the prime factors of b?
3, 71
Suppose 23*a + 14649 = 4*a. Let u = -387 - a. What are the prime factors of u?
2, 3
Let b = -16302 - -21286. What are the prime factors of b?
2, 7, 89
Let u(r) = -29*r + 12. Let m(q) = q**2 + 27*q - 3. Let t be 6*4/(48/27)*-2. Let i be m(t). What are the prime factors of u(i)?
3, 11
Let p = 26242 - 17914. List the prime factors of p.
2, 3, 347
Suppose 16260*w = 16346*w - 618942. What are the prime factors of w?
3, 2399
Suppose 0 = 2*v - 5 + 1. Suppose v*u - 23 = -3*o, 3*o = -u - 0*o + 19. Suppose -5*m = z - 449, -5*z = -u*m - 0*m + 365. List the prime factors of m.
2, 3, 5
Let p = 1 + 14. Suppose -2*h + 5*l = -p, l = -3*l - 4. Suppose h*y = 3*z - 401, -z + 4*y + 180 = 37. List the prime factors of z.
127
Suppose 0*z = 2*z - 5*i + 16, z - 4*i = -14. Suppose 16 = 4*m, -2*w - z*m + 44 = w. List the prime factors of w/(-30)*(-3 + -452).
2, 7, 13
What are the prime factors of (84558/(-408))/(1/(-16))?
2, 829
Suppose 11320 = 5*t + 2*b - 4102, 3081 = t - 3*b. What are the prime factors of t?
2, 3, 257
Let w = -64 - -64. Suppose -3*g - 2*z + 3*z + 37 = 0, w = 2*g + 3*z - 10. Suppose -2*y - 1206 = -g*y. List the prime factors of y.
2, 67
Let n = 6994 - -6241. What are the prime factors of n?
5, 2647
Let a(b) = b**2 - 6*b + 11. Let i = 48 - 51. Let k(q) = -q**3 - 3*q**2 + 2*q - 2. Let j be k(i). What are the prime factors of a(j)?
3, 41
Let i(c) = -11*c - 51. Let q be i(-6). What are the prime factors of (-1594)/(-5) + (3/q - 0)?
11, 29
Suppose -23 = -2*k - 23. Suppose z - 139 - 125 = k. Let u = z - 116. List the prime factors of u.
2, 37
Let j = -117 + 121. Let a = 9 - j. Suppose -a*k = -749 - 21. List the prime factors of k.
2, 7, 11
Let z(m) = -60*m + 719. Let k be z(12). Suppose 5*h = -5*n + 550, -2*n - 4*h + 206 + 6 = 0. Let g = k + n. List the prime factors of g.
113
Let a be 216 + 0 - 1/1. Let l(y) = 3*y**2 - 106*y - 53. Let x be l(35). Let i = x + a. List the prime factors of i.
127
Let s = 14894 - 2398. What are the prime factors of s?
2, 11, 71
Let r be 1250/35 + (-40)/56. Suppose r = -6*y + 1331. List the prime factors of y.
2, 3
Let q(j) = -j**2 - 15*j + 54. Let c be ((-125)/15 - 1)*6/2. Let u be q(c). Let v = -199 - u. List the prime factors of v.
3, 37
Let l(m) = m**2 - 2*m + 47. Let a = 167 + -147. List the prime factors of l(a).
11, 37
Suppose 0 = 4*o - 12, 25*o = -c + 28*o + 7605. List the prime factors of c.
2, 3, 47
What are the prime factors of (1 - 398/6)/(123221/(-5133) - -24)?
2, 7, 59
Let i be (-1)/(-14) + (-1128219)/2758. Suppose 797 = -3*n + v, -n = -5*v + 129 + 118. Let g = n - i. What are the prime factors of g?
2, 71
Let b = 388 + 983. What are the prime factors of b?
3, 457
Suppose 0*u - 1000114 = 149*u - 6579568. What are the prime factors of u?
2, 3, 79
Let t = 110 - 95. Suppose 2*a - t = -3*a. List the prime factors of a.
3
Let m = -53 - -73. Let s be 5/(m/46)*6. Suppose 108 = 3*j - s. What are the prime factors of j?
59
Let g be (-138)/161 + 554/(-7). What are the prime factors of ((-3657)/106)/(3/g)?
2, 5, 23
Let c(h) = h**2 - 54*h + 15. Let b be c(-39). Suppose -i - 903 = -l - 6*i, -4*l - 5*i + b = 0. What are the prime factors of l?
11, 83
Suppose 3*o = 4*a + 48454, 23834 = 5*o - a - 56934. List the prime factors of o.
2, 41, 197
Let h(c) = c**2 + 20*c + 23. Let g be h(-19). What are the prime factors of (-1838)/(-3) + -4 + g/12?
3, 7, 29
Let s(x) = -x**2 + 2*x - 65. Let u be s(0). Let g = 70 + u. Suppose -4*c + 88 = -0*c + 4*b, -4*c - g*b + 83 = 0. What are the prime factors of c?
3
Let x(u) = 5*u + 163 - u**2 - 69 - 22. Let z be x(0). Suppose -g - 29 = 5*h - 101, z = g - 4*h. What are the prime factors of g?
2, 3
Suppose -50 = -5*o - 0*p + 5*p, o - 3*p - 4 = 0. Suppose 14*c = -3*d + o*c + 1663, -2*d - c + 1110 = 0. What are the prime factors of d?
7, 79
Let s(d) be the third derivative of 49*d**5/30 + 2*d**3/3 - 73*d**2. What are the prime factors of s(2)?
2, 3, 11
Suppose 47*x - 173499 = -43450. What are the prime factors of x?
2767
Suppose -124 = -10*l + 6*l. Suppose l*y - 4960 = 11*y. What are the prime factors of y?
2, 31
Suppose -y + 3*j = -8774, 15*y - 18*y - 3*j = -26250. What are the prime factors of y?
2, 11, 199
Let h be (-52)/(-65)*(1 + 4). Suppose 53 = -h*c + 273. What are the prime factors of c?
5, 11
List the prime factors of (-987327)/(-15) + 936/(-520).
2, 3, 5, 1097
Let c be 754/10 - (108/(-30) + 4). What are the prime factors of (-117 + c)*(20/(-3) - -2)?
2, 7
Let j be ((-1)/6*4)/((-2)/72). List the prime factors of (102/8)/((-3)/(-1*j)).
2, 3, 17
List the prime factors of (5/10)/(82/5159768).
2, 15731
Let r = -72 - -1